{"id":264,"date":"2024-01-15T17:55:46","date_gmt":"2024-01-15T16:55:46","guid":{"rendered":"https:\/\/sanierungrheinruhr.de\/?page_id=264"},"modified":"2024-01-26T10:25:29","modified_gmt":"2024-01-26T09:25:29","slug":"trockenbauer","status":"publish","type":"page","link":"https:\/\/sanierungrheinruhr.de\/?page_id=264","title":{"rendered":"Trockenbauer"},"content":{"rendered":"\n<p>Es ist eine schnelle und kosteng\u00fcnstige Methode, um Innenr\u00e4ume zu gestalten und zu ver\u00e4ndern.<\/p>\n\n\n\n<p>Beim Trockenbau werden die Platten auf ein Stahl- oder Holzrahmengestell montiert, das an der Decke oder an einer bestehenden Wand befestigt wird. Die Platten sind leicht, einfach zu schneiden und zu bearbeiten, um jede gew\u00fcnschte Gr\u00f6\u00dfe oder Form zu erreichen.<\/p>\n\n\n\n<p>Trockenbauw\u00e4nde k\u00f6nnen als raumteiler verwendet werden oder um einen bestehenden Raum in kleinere R\u00e4ume zu unterteilen. Au\u00dferdem k\u00f6nnen sie f\u00fcr die Schalld\u00e4mmung oder den Brandschutz eingesetzt werden.<\/p>\n\n\n\n<figure class=\"wp-block-image size-large is-resized\"><img loading=\"lazy\" decoding=\"async\" width=\"683\" height=\"1024\" src=\"https:\/\/sanierungrheinruhr.de\/wp-content\/uploads\/2024\/01\/Sanierung-Rhein-Ruhr-Trockenbauer-683x1024.jpg\" alt=\"\" class=\"wp-image-269\" style=\"width:560px;height:auto\" srcset=\"https:\/\/sanierungrheinruhr.de\/wp-content\/uploads\/2024\/01\/Sanierung-Rhein-Ruhr-Trockenbauer-683x1024.jpg 683w, https:\/\/sanierungrheinruhr.de\/wp-content\/uploads\/2024\/01\/Sanierung-Rhein-Ruhr-Trockenbauer-200x300.jpg 200w, https:\/\/sanierungrheinruhr.de\/wp-content\/uploads\/2024\/01\/Sanierung-Rhein-Ruhr-Trockenbauer-768x1152.jpg 768w, https:\/\/sanierungrheinruhr.de\/wp-content\/uploads\/2024\/01\/Sanierung-Rhein-Ruhr-Trockenbauer-1024x1536.jpg 1024w, https:\/\/sanierungrheinruhr.de\/wp-content\/uploads\/2024\/01\/Sanierung-Rhein-Ruhr-Trockenbauer-1365x2048.jpg 1365w, https:\/\/sanierungrheinruhr.de\/wp-content\/uploads\/2024\/01\/Sanierung-Rhein-Ruhr-Trockenbauer-scaled.jpg 1707w\" sizes=\"auto, (max-width: 683px) 100vw, 683px\" \/><\/figure>\n\n\n\n<p>Eine weitere wichtige Funktion von Trockenbau ist die Deckengestaltung. Mit Trockenbauplatten k\u00f6nnen gestaltete Decken mit einer Vielzahl von Formen, Texturen und Beleuchtungselementen geschaffen werden.<\/p>\n\n\n\n<p>Professionell durchgef\u00fchrte Trockenbauarbeiten k\u00f6nnen das Erscheinungsbild eines Raumes drastisch ver\u00e4ndern. Durch den Einsatz von Trockenbau k\u00f6nnen unattraktive R\u00e4ume in beeindruckende und funktionale Bereiche verwandelt werden.<\/p>\n\n\n\n<p><\/p>\n","protected":false},"excerpt":{"rendered":"<p>Es ist eine schnelle und kosteng\u00fcnstige Methode, um Innenr\u00e4ume zu gestalten und zu ver\u00e4ndern. Beim Trockenbau werden die Platten auf ein Stahl- oder Holzrahmengestell montiert, das an der Decke oder an einer bestehenden Wand befestigt wird. Die Platten sind leicht, einfach zu schneiden und zu bearbeiten, um jede gew\u00fcnschte Gr\u00f6\u00dfe oder Form zu erreichen. Trockenbauw\u00e4nde [&hellip;]<\/p>\n","protected":false},"author":1,"featured_media":0,"parent":0,"menu_order":0,"comment_status":"closed","ping_status":"closed","template":"","meta":{"_uf_show_specific_survey":0,"_uf_disable_surveys":false,"footnotes":""},"class_list":["post-264","page","type-page","status-publish","hentry"],"aioseo_notices":[],"_links":{"self":[{"href":"https:\/\/sanierungrheinruhr.de\/index.php?rest_route=\/wp\/v2\/pages\/264","targetHints":{"allow":["GET"]}}],"collection":[{"href":"https:\/\/sanierungrheinruhr.de\/index.php?rest_route=\/wp\/v2\/pages"}],"about":[{"href":"https:\/\/sanierungrheinruhr.de\/index.php?rest_route=\/wp\/v2\/types\/page"}],"author":[{"embeddable":true,"href":"https:\/\/sanierungrheinruhr.de\/index.php?rest_route=\/wp\/v2\/users\/1"}],"replies":[{"embeddable":true,"href":"https:\/\/sanierungrheinruhr.de\/index.php?rest_route=%2Fwp%2Fv2%2Fcomments&post=264"}],"version-history":[{"count":3,"href":"https:\/\/sanierungrheinruhr.de\/index.php?rest_route=\/wp\/v2\/pages\/264\/revisions"}],"predecessor-version":[{"id":404,"href":"https:\/\/sanierungrheinruhr.de\/index.php?rest_route=\/wp\/v2\/pages\/264\/revisions\/404"}],"wp:attachment":[{"href":"https:\/\/sanierungrheinruhr.de\/index.php?rest_route=%2Fwp%2Fv2%2Fmedia&parent=264"}],"curies":[{"name":"wp","href":"https:\/\/api.w.org\/{rel}","templated":true}]}}